{"id":2819,"date":"2020-11-09T17:38:31","date_gmt":"2020-11-09T16:38:31","guid":{"rendered":"http:\/\/www2.przyslop.pl\/test\/?page_id=2819"},"modified":"2021-02-03T13:40:56","modified_gmt":"2021-02-03T12:40:56","slug":"trasa-skitur-biegowki-beskidzki-skiturowy-klasyk","status":"publish","type":"page","link":"https:\/\/przyslop.pl\/index.php\/trasa-skitur-biegowki-beskidzki-skiturowy-klasyk\/","title":{"rendered":"[Trasa skitur \/ bieg\u00f3wki] Beskidzki SkiTurowy Klasyk"},"content":{"rendered":"<p><section class=\"kc-elm kc-css-431031 kc_row\"><div class=\"kc-row-container  kc-container\"><div class=\"kc-wrap-columns\"><div class=\"kc-elm kc-css-764778 kc_col-sm-12 kc_column kc_col-sm-12\"><div class=\"kc-col-container\"><div class=\"kc-elm kc-css-606757 kc-raw-code\"><script data-jetpack-boost=\"ignore\" data-jetpack-boost=\"ignore\" data-jetpack-boost=\"ignore\">\r\n       var level = \"Trudny\";\r\n       var description = \"Ca\u0142odzienna trasa przebiegaj\u0105ca przez najciekawsze szczyty w okolicach Przys\u0142opu. \u015awietna na skitour.\";\r\n       var distance = \"31,9\u2009km\";\r\n       var averageTime = \"ok. 11 h\";\r\n       var ramps = \"1\u00a0244\u2009m\";\r\n       var descents = \"1\u00a0246\u2009m\";\r\n       var highestPoint = \"1\u00a0247\u2009m n.p.m\";\r\n       var lowestPoint = \"892\u2009m n.p.m\";\r\n       var gpxPath=\"\/wp-content\/uploads\/gpx\/przyslop_pl_Beskidzki_SkiTurowy_Klasyk.gpx\";\r\n       var gpxFileName = \"przyslop_pl_Beskidzki_SkiTurowy_Klasyk.gpx\";\r\n      \r\nfunction linkFunc()\r\n{\r\n    var l = document.getElementById('gpxLink');\r\n    l.href = gpxPath;\r\n    l.download = gpxFileName;\r\n}\r\n\r\nwindow.onload = linkFunc;\r\n\r\n<\/script><\/div><\/div><\/div><\/div><\/div><\/section><section class=\"kc-elm kc-css-924650 kc_row\"><div class=\"kc-row-container  kc-container\"><div class=\"kc-wrap-columns\"><div class=\"kc-elm kc-css-792691 kc_col-sm-3 kc_column kc_col-sm-3\"><div class=\"kc-col-container\">\n<div class=\"kc-elm kc-css-608743\">\n\t<a class=\"kc_button\" href=\"https:\/\/przyslop.pl\/wp-content\/uploads\/gpx\/przyslop_pl_Beskidzki_SkiTurowy_Klasyk.gpx\" target=\"_blank\" title=\"Rezerwacje Wis\u0142a 1200 2025\" onclick=\"download=:quot:przyslop_pl_Beskidzki_SkiTurowy_Klasyk.gpx:quot:\">\n\t\tPobierz plik GPX trasy\t<\/a>\n<\/div>\n<\/div><\/div><div class=\"kc-elm kc-css-421632 kc_col-sm-9 kc_column kc_col-sm-9\"><div class=\"kc-col-container\"><div class=\"kc-elm kc-css-290733 kc_text_block pageText\"><\/p>\n<p>Beskidzki SkiTurowy Klasyk czyli co\u015b co po prostu trzeba \u201ezaliczy\u0107\u201d. Ca\u0142odzienna trasa w znacznej cz\u0119\u015bci przebiegaj\u0105ca grani\u0105 przez najciekawsze szczyty Beskidu \u015al\u0105skiego od Baraniej G\u00f3ry po Skrzyczne. Powr\u00f3t malowniczymi drogami stokowymi. Widoki? Jak to u nas: przy dobrej widoczno\u015bci od Karkonoszy po Tatry, na pasma Polskie, Czeskie i S\u0142owackie z takimi Pere\u0142kami jak Babia G\u00f3ra czy te\u017c Ve\u013ek\u00fd Rozsutec. Po drodze mo\u017cna posili\u0107 si\u0119 w Schronisku na Skrzycznem lub przysi\u0105\u015b\u0107 pod drewnian\u0105 Bac\u00f3wk\u0105 na Hali Baraniej.<\/p>\n<p>\n<\/div><\/div><\/div><\/div><\/div><\/section><section class=\"kc-elm kc-css-161748 kc_row\"><div class=\"kc-row-container  kc-container\"><div class=\"kc-wrap-columns\"><div class=\"kc-elm kc-css-151823 kc_col-sm-12 kc_column kc_col-sm-12\"><div class=\"kc-col-container\"><div class=\"kc-elm kc-css-168444 kc-raw-code\"><iframe loading=\"lazy\" src=\"https:\/\/www.komoot.com\/tour\/1244742638\/embed?profile=1\" width=\"100%\" height=\"700\" frameborder=\"0\" scrolling=\"no\"><\/iframe><\/div><\/div><\/div><\/div><\/div><\/section><\/p>\n","protected":false},"excerpt":{"rendered":"","protected":false},"author":2,"featured_media":0,"parent":0,"menu_order":0,"comment_status":"closed","ping_status":"closed","template":"","meta":{"footnotes":""},"class_list":["post-2819","page","type-page","status-publish","hentry"],"jetpack_sharing_enabled":true,"post_mailing_queue_ids":[],"_links":{"self":[{"href":"https:\/\/przyslop.pl\/index.php\/wp-json\/wp\/v2\/pages\/2819","targetHints":{"allow":["GET"]}}],"collection":[{"href":"https:\/\/przyslop.pl\/index.php\/wp-json\/wp\/v2\/pages"}],"about":[{"href":"https:\/\/przyslop.pl\/index.php\/wp-json\/wp\/v2\/types\/page"}],"author":[{"embeddable":true,"href":"https:\/\/przyslop.pl\/index.php\/wp-json\/wp\/v2\/users\/2"}],"replies":[{"embeddable":true,"href":"https:\/\/przyslop.pl\/index.php\/wp-json\/wp\/v2\/comments?post=2819"}],"version-history":[{"count":1,"href":"https:\/\/przyslop.pl\/index.php\/wp-json\/wp\/v2\/pages\/2819\/revisions"}],"predecessor-version":[{"id":6899,"href":"https:\/\/przyslop.pl\/index.php\/wp-json\/wp\/v2\/pages\/2819\/revisions\/6899"}],"wp:attachment":[{"href":"https:\/\/przyslop.pl\/index.php\/wp-json\/wp\/v2\/media?parent=2819"}],"curies":[{"name":"wp","href":"https:\/\/api.w.org\/{rel}","templated":true}]}}