{"id":2768,"date":"2020-11-08T17:56:23","date_gmt":"2020-11-08T16:56:23","guid":{"rendered":"http:\/\/www2.przyslop.pl\/test\/?page_id=2768"},"modified":"2021-01-09T14:03:51","modified_gmt":"2021-01-09T13:03:51","slug":"trasa-skitur-biegowki-dojscie-z-bialego-krzyza","status":"publish","type":"page","link":"https:\/\/przyslop.pl\/index.php\/trasa-skitur-biegowki-dojscie-z-bialego-krzyza\/","title":{"rendered":"[Trasa skitur \/ bieg\u00f3wki] Doj\u015bcie z Bia\u0142ego Krzy\u017ca"},"content":{"rendered":"<p><section class=\"kc-elm kc-css-170620 kc_row\"><div class=\"kc-row-container  kc-container\"><div class=\"kc-wrap-columns\"><div class=\"kc-elm kc-css-130329 kc_col-sm-3 kc_column kc_col-sm-3\"><div class=\"kc-col-container\">\n<div class=\"kc-elm kc-css-531391\">\n\t<a class=\"kc_button\" href=\"https:\/\/przyslop.pl\/wp-content\/uploads\/gpx\/przyslop_pl_Bialy_krzyz-Schronisko_PTTK_Przyslop.gpx\" target=\"_blank\" title=\"Rezerwacje Wis\u0142a 1200 2025\" onclick=\"download=:quot:przyslop_pl_Bialy_krzyz-Schronisko_PTTK_Przyslop.gpx:quot:\">\n\t\tPobierz plik GPX trasy\t<\/a>\n<\/div>\n<\/div><\/div><div class=\"kc-elm kc-css-98810 kc_col-sm-9 kc_column kc_col-sm-9\"><div class=\"kc-col-container\"><div class=\"kc-elm kc-css-756764 kc_text_block pageText\"><\/p>\n<p>D\u0142uga, ale \u0142agodna, ciekawa i urozmaicona trasa skiturowa lub bieg\u00f3wkowa bogata w niesamowite widoki. Cicha i spokojna, zdalna od g\u0142\u00f3wnego szlaku. Prowadzi zachodnimi zboczami Beskidu \u015al\u0105skiego \u2013 polecane szczeg\u00f3lnie popo\u0142udniem lub nawet o zachodzie s\u0142o\u0144ca. Obfituje w malowniczy widoki na zachodnie zbocza Malinowskiej Ska\u0142y, Skrzyczne oraz ca\u0142\u0105 dolin\u0119 \u201eWi\u015bla\u0144skiej\u201d wraz z czesk\u0105 cz\u0119\u015bci\u0105 Beskid\u00f3w.<\/p>\n<p>\n<\/div><\/div><\/div><\/div><\/div><\/section><section class=\"kc-elm kc-css-3439 kc_row\"><div class=\"kc-row-container  kc-container\"><div class=\"kc-wrap-columns\"><div class=\"kc-elm kc-css-453354 kc_col-sm-12 kc_column kc_col-sm-12\"><div class=\"kc-col-container\"><div class=\"kc-elm kc-css-21565 kc-raw-code\"><iframe loading=\"lazy\" src=\"https:\/\/www.komoot.com\/tour\/1244685747\/embed?profile=1\" width=\"100%\" height=\"700\" frameborder=\"0\" scrolling=\"no\"><\/iframe><\/div><\/div><\/div><\/div><\/div><\/section><\/p>\n","protected":false},"excerpt":{"rendered":"","protected":false},"author":2,"featured_media":0,"parent":0,"menu_order":0,"comment_status":"closed","ping_status":"closed","template":"","meta":{"footnotes":""},"class_list":["post-2768","page","type-page","status-publish","hentry"],"jetpack_sharing_enabled":true,"post_mailing_queue_ids":[],"_links":{"self":[{"href":"https:\/\/przyslop.pl\/index.php\/wp-json\/wp\/v2\/pages\/2768","targetHints":{"allow":["GET"]}}],"collection":[{"href":"https:\/\/przyslop.pl\/index.php\/wp-json\/wp\/v2\/pages"}],"about":[{"href":"https:\/\/przyslop.pl\/index.php\/wp-json\/wp\/v2\/types\/page"}],"author":[{"embeddable":true,"href":"https:\/\/przyslop.pl\/index.php\/wp-json\/wp\/v2\/users\/2"}],"replies":[{"embeddable":true,"href":"https:\/\/przyslop.pl\/index.php\/wp-json\/wp\/v2\/comments?post=2768"}],"version-history":[{"count":1,"href":"https:\/\/przyslop.pl\/index.php\/wp-json\/wp\/v2\/pages\/2768\/revisions"}],"predecessor-version":[{"id":6881,"href":"https:\/\/przyslop.pl\/index.php\/wp-json\/wp\/v2\/pages\/2768\/revisions\/6881"}],"wp:attachment":[{"href":"https:\/\/przyslop.pl\/index.php\/wp-json\/wp\/v2\/media?parent=2768"}],"curies":[{"name":"wp","href":"https:\/\/api.w.org\/{rel}","templated":true}]}}