{"id":2760,"date":"2020-11-08T17:32:21","date_gmt":"2020-11-08T16:32:21","guid":{"rendered":"http:\/\/www2.przyslop.pl\/test\/?page_id=2760"},"modified":"2021-01-30T17:35:44","modified_gmt":"2021-01-30T16:35:44","slug":"trasa-skitur-biegowki-dojscie-z-koczego-zamku","status":"publish","type":"page","link":"https:\/\/przyslop.pl\/index.php\/trasa-skitur-biegowki-dojscie-z-koczego-zamku\/","title":{"rendered":"[Trasa skitur \/ bieg\u00f3wki] Doj\u015bcie z Koczego Zamku"},"content":{"rendered":"<p><section class=\"kc-elm kc-css-206740 kc_row\"><div class=\"kc-row-container  kc-container\"><div class=\"kc-wrap-columns\"><div class=\"kc-elm kc-css-159771 kc_col-sm-3 kc_column kc_col-sm-3\"><div class=\"kc-col-container\">\n<div class=\"kc-elm kc-css-810238\">\n\t<a class=\"kc_button\" href=\"https:\/\/przyslop.pl\/wp-content\/uploads\/gpx\/przyslop_pl_Koczy_Zamek-Schronisko_PTTK_Przys\u0142op.gpx\" target=\"_blank\" title=\"Rezerwacje Wis\u0142a 1200 2025\" onclick=\"download=:quot:przyslop_pl_Koczy_Zamek-Schronisko_PTTK_Przys\u0142op.gpx:quot:\">\n\t\tPobierz plik GPX trasy\t<\/a>\n<\/div>\n<\/div><\/div><div class=\"kc-elm kc-css-4483 kc_col-sm-9 kc_column kc_col-sm-9\"><div class=\"kc-col-container\"><div class=\"kc-elm kc-css-420624 kc_text_block pageText\"><\/p>\n<p>Bardzo przyjemna skiturowa trasa widokowa prowadz\u0105ca z Koczego Zamku przez okolice Ga\u0144czorek z przepi\u0119kn\u0105 panoram\u0105 na Kotlin\u0119 \u017bywieck\u0105, Beskid \u017bywiecki, a czasem nawet Ma\u0142\u0105 Fatr\u0119 oraz Tatry. W okolicach Ga\u0144czorki opr\u00f3cz przystanku regeneracyjnego mo\u017cna odwiedzi\u0107 ma\u0142\u0105 jaskini\u0119 \ud83d\ude42<\/p>\n<p>\n<\/div><\/div><\/div><\/div><\/div><\/section><section class=\"kc-elm kc-css-704804 kc_row\"><div class=\"kc-row-container  kc-container\"><div class=\"kc-wrap-columns\"><div class=\"kc-elm kc-css-19393 kc_col-sm-12 kc_column kc_col-sm-12\"><div class=\"kc-col-container\"><div class=\"kc-elm kc-css-491265 kc-raw-code\"><iframe loading=\"lazy\" src=\"https:\/\/www.komoot.com\/tour\/1244695197\/embed?profile=1\" width=\"100%\" height=\"700\" frameborder=\"0\" scrolling=\"no\"><\/iframe><\/div><\/div><\/div><\/div><\/div><\/section><\/p>\n","protected":false},"excerpt":{"rendered":"","protected":false},"author":2,"featured_media":0,"parent":0,"menu_order":0,"comment_status":"closed","ping_status":"closed","template":"","meta":{"footnotes":""},"class_list":["post-2760","page","type-page","status-publish","hentry"],"jetpack_sharing_enabled":true,"post_mailing_queue_ids":[],"_links":{"self":[{"href":"https:\/\/przyslop.pl\/index.php\/wp-json\/wp\/v2\/pages\/2760","targetHints":{"allow":["GET"]}}],"collection":[{"href":"https:\/\/przyslop.pl\/index.php\/wp-json\/wp\/v2\/pages"}],"about":[{"href":"https:\/\/przyslop.pl\/index.php\/wp-json\/wp\/v2\/types\/page"}],"author":[{"embeddable":true,"href":"https:\/\/przyslop.pl\/index.php\/wp-json\/wp\/v2\/users\/2"}],"replies":[{"embeddable":true,"href":"https:\/\/przyslop.pl\/index.php\/wp-json\/wp\/v2\/comments?post=2760"}],"version-history":[{"count":1,"href":"https:\/\/przyslop.pl\/index.php\/wp-json\/wp\/v2\/pages\/2760\/revisions"}],"predecessor-version":[{"id":6884,"href":"https:\/\/przyslop.pl\/index.php\/wp-json\/wp\/v2\/pages\/2760\/revisions\/6884"}],"wp:attachment":[{"href":"https:\/\/przyslop.pl\/index.php\/wp-json\/wp\/v2\/media?parent=2760"}],"curies":[{"name":"wp","href":"https:\/\/api.w.org\/{rel}","templated":true}]}}