{"id":1270,"date":"2020-01-16T15:29:08","date_gmt":"2020-01-16T14:29:08","guid":{"rendered":"http:\/\/www2.przyslop.pl\/test\/?page_id=1270"},"modified":"2023-09-28T16:52:06","modified_gmt":"2023-09-28T14:52:06","slug":"jedzenie","status":"publish","type":"page","link":"https:\/\/przyslop.pl\/index.php\/jedzenie\/","title":{"rendered":"Gastronomia"},"content":{"rendered":"<p><section class=\"kc-elm kc-css-96983 kc_row pageWhite\"><div class=\"kc-row-container  kc-container  pageText\"><div class=\"kc-wrap-columns\"><div class=\"kc-elm kc-css-587748 kc_col-sm-12 kc_column kc_col-sm-12\"><div class=\"kc-col-container\">\n<div class=\"kc-elm kc-css-98119 kc-title-wrap \">\n\n\t<p class=\"kc_title pageHeader\">Przys\u0142opowe smaczengo<\/p>\n<\/div>\n<div class=\"kc-elm kc-css-559992 kc_text_block\"><\/p>\n<p>\n<strong>S\u0142odkie pyszno\u015bci<\/strong> s\u0105 dzie\u0142em naszych fantastycznych kucharek, kt\u00f3re przyrz\u0105dzaj\u0105c je na miejscu, dbaj\u0105 o to, aby ka\u017cdy turysta odwiedzaj\u0105cy nasze schronisko wyszed\u0142 z niego najedzony i chcia\u0142 wr\u00f3ci\u0107 po wi\u0119cej!<\/p>\n<p>Menu Przys\u0142opowe oferuje <strong>szerok\u0105 palet\u0119 da\u0144<\/strong> \u015bniadaniowych, barowych, obiadowych i s\u0142odko\u015bci. Staramy si\u0119 spe\u0142nia\u0107 kulinarne oczekiwania nie tylko <strong>smakoszy kuchni regionalnej<\/strong>. Z naszego schroniska na pewno nie wyjd\u0105 g\u0142odni tak\u017ce <strong>wegetarianie i weganie<\/strong>. Specjalnie dla mi\u0142o\u015bnik\u00f3w zdrowej kuchni przygotowujemy r\u00f3wnie\u017c pyszne <strong>menu typu \u201efit\u201d<\/strong>, kt\u00f3re zaskakuje nie tylko smakiem, ale i wygl\u0105dem.<\/p>\n<p>Ponadto grupy zorganizowane, kt\u00f3re zaplanuj\u0105 pobyt u nas, mog\u0105 wybiera\u0107 z oferty, na kt\u00f3r\u0105 sk\u0142ada si\u0119 a\u017c kilkadziesi\u0105t propozycji. Realizujemy tak\u017ce <strong>zam\u00f3wienia specjalne<\/strong>, m.in.: pieczonego barana na ognisku, duszonki, torty okoliczno\u015bciowe i inne.<\/p>\n<p>\n<\/div><\/div><\/div><\/div><\/div><\/section><section class=\"kc-elm kc-css-621364 kc_row pageWhite\"><div class=\"kc-row-container  kc-container  pageGallery\"><div class=\"kc-wrap-columns\"><div class=\"kc-elm kc-css-407252 kc_col-sm-4 kc_column kc_col-sm-4\"><div class=\"kc-col-container\"><div class=\"kc-elm kc-css-38281 kc_shortcode kc_single_image\">\n\n        <img decoding=\"async\" src=\"https:\/\/i0.wp.com\/przyslop.pl\/wp-content\/uploads\/2020\/12\/480x320_Oferta_1-3.jpg?fit=480%2C320&ssl=1\" class=\"\" alt=\"\" \/>    <\/div>\n<\/div><\/div><div class=\"kc-elm kc-css-268365 kc_col-sm-4 kc_column kc_col-sm-4\"><div class=\"kc-col-container\"><div class=\"kc-elm kc-css-272557 kc_shortcode kc_single_image\">\n\n        <img decoding=\"async\" src=\"https:\/\/i0.wp.com\/przyslop.pl\/wp-content\/uploads\/2020\/12\/480x320_Oferta_2-3.jpg?fit=480%2C320&ssl=1\" class=\"\" alt=\"\" \/>    <\/div>\n<\/div><\/div><div class=\"kc-elm kc-css-617033 kc_col-sm-4 kc_column kc_col-sm-4\"><div class=\"kc-col-container\"><div class=\"kc-elm kc-css-741 kc_shortcode kc_single_image\">\n\n        <img decoding=\"async\" src=\"https:\/\/i0.wp.com\/przyslop.pl\/wp-content\/uploads\/2020\/12\/480x320_Oferta_3-3.jpg?fit=480%2C320&ssl=1\" class=\"\" alt=\"\" \/>    <\/div>\n<\/div><\/div><\/div><\/div><\/section><section class=\"kc-elm kc-css-778992 kc_row pageBlue\"><div class=\"kc-row-container  kc-container  pageText\"><div class=\"kc-wrap-columns\"><div class=\"kc-elm kc-css-743459 kc_col-sm-12 kc_column kc_col-sm-12\"><div class=\"kc-col-container\">\n<div class=\"kc-elm kc-css-260830 kc-title-wrap \">\n\n\t<p class=\"kc_title pageHeader\">Czy mo\u017cna chcie\u0107 czego\u015b wi\u0119cej?<\/p>\n<\/div>\n<div class=\"kc-elm kc-css-343693 kc_text_block\"><\/p>\n<p>\nNo jasne, \u017ce tak! Na Przys\u0142opie czeka na Was r\u00f3wnie\u017c:<br \/>\npyszna <strong>kawa z ekspresu<\/strong> marki Segafredo,<br \/>\nkilka rodzaj\u00f3w owocowych <strong>herbat sypanych<\/strong> podawanych w czajniczkach,<br \/>\ntzw. <strong>\u201epiwoteka\u201d<\/strong>, czyli szeroka gama piw czeskich od lagera, przez ciemne, po pszeniczne, przy czym dla spragnionych mamy zar\u00f3wno alkoholowe jak i bezalkoholowe trunki,<br \/>\nw okresie letnim <strong>owocowe koktajle<\/strong>, kompoty, galaretki.<\/p>\n<p>\n<\/div><\/div><\/div><\/div><\/div><\/section><section class=\"kc-elm kc-css-586015 kc_row pageBlue\"><div class=\"kc-row-container  kc-container  pageGallery\"><div class=\"kc-wrap-columns\"><div class=\"kc-elm kc-css-417558 kc_col-sm-4 kc_column kc_col-sm-4\"><div class=\"kc-col-container\"><div class=\"kc-elm kc-css-502623 kc_shortcode kc_single_image\">\n\n        <img decoding=\"async\" src=\"https:\/\/i0.wp.com\/przyslop.pl\/wp-content\/uploads\/2020\/12\/480x320_Oferta_4-3.jpg?fit=480%2C320&ssl=1\" class=\"\" alt=\"\" \/>    <\/div>\n<\/div><\/div><div class=\"kc-elm kc-css-685613 kc_col-sm-4 kc_column kc_col-sm-4\"><div class=\"kc-col-container\"><div class=\"kc-elm kc-css-10170 kc_shortcode kc_single_image\">\n\n        <img decoding=\"async\" src=\"https:\/\/i0.wp.com\/przyslop.pl\/wp-content\/uploads\/2020\/12\/480x320_Oferta_5-3.jpg?fit=480%2C320&ssl=1\" class=\"\" alt=\"\" \/>    <\/div>\n<\/div><\/div><div class=\"kc-elm kc-css-83731 kc_col-sm-4 kc_column kc_col-sm-4\"><div class=\"kc-col-container\"><div class=\"kc-elm kc-css-774372 kc_shortcode kc_single_image\">\n\n        <img decoding=\"async\" src=\"https:\/\/i0.wp.com\/przyslop.pl\/wp-content\/uploads\/2020\/12\/480x320_Oferta_6-3.jpg?fit=480%2C320&ssl=1\" class=\"\" alt=\"\" \/>    <\/div>\n<\/div><\/div><\/div><\/div><\/section><section class=\"kc-elm kc-css-997539 kc_row\"><div class=\"kc-row-container  kc-container\"><div class=\"kc-wrap-columns\"><\/div><\/div><\/section><\/p>\n","protected":false},"excerpt":{"rendered":"","protected":false},"author":2,"featured_media":0,"parent":0,"menu_order":0,"comment_status":"closed","ping_status":"closed","template":"tpl-king_composer.php","meta":{"footnotes":""},"class_list":["post-1270","page","type-page","status-publish","hentry"],"jetpack_sharing_enabled":true,"post_mailing_queue_ids":[],"_links":{"self":[{"href":"https:\/\/przyslop.pl\/index.php\/wp-json\/wp\/v2\/pages\/1270","targetHints":{"allow":["GET"]}}],"collection":[{"href":"https:\/\/przyslop.pl\/index.php\/wp-json\/wp\/v2\/pages"}],"about":[{"href":"https:\/\/przyslop.pl\/index.php\/wp-json\/wp\/v2\/types\/page"}],"author":[{"embeddable":true,"href":"https:\/\/przyslop.pl\/index.php\/wp-json\/wp\/v2\/users\/2"}],"replies":[{"embeddable":true,"href":"https:\/\/przyslop.pl\/index.php\/wp-json\/wp\/v2\/comments?post=1270"}],"version-history":[{"count":2,"href":"https:\/\/przyslop.pl\/index.php\/wp-json\/wp\/v2\/pages\/1270\/revisions"}],"predecessor-version":[{"id":7660,"href":"https:\/\/przyslop.pl\/index.php\/wp-json\/wp\/v2\/pages\/1270\/revisions\/7660"}],"wp:attachment":[{"href":"https:\/\/przyslop.pl\/index.php\/wp-json\/wp\/v2\/media?parent=1270"}],"curies":[{"name":"wp","href":"https:\/\/api.w.org\/{rel}","templated":true}]}}